f (-1 - k)*-1 - -7?
3
Suppose 4 = 5*c - d - 3, -5*d + 7 = -4*c. Suppose 14*j - 1942 = 10*j + 3*r, c*j = -4*r + 960. What is the hundreds digit of j?
4
Let a(k) = k**3 + 30*k**2 + 53*k - 118. Let x be a(-25). Let w = -1158 + x. What is the hundreds digit of w?
5
Suppose -2*f - 2*t + 50 = 0, 5*f - t = 4*t + 75. What is the tens digit of ((f/6)/(-5))/((-8)/3324)?
7
What is the tens digit of (-3)/(((-6)/99)/(((-4592)/72)/(-7)))?
5
Let j be (-1 - -3)/((-24)/(-60)). Suppose -4*m + 2460 = j*v, 4*m - v - 2460 = -0*v. What is the tens digit of m?
1
Suppose 5*o - 3754 = 7*m - 3*m, 0 = -4*o - 5*m + 3036. Let q = 1099 - o. What is the tens digit of q?
4
Let o = 49301 + -29272. What is the thousands digit of o?
0
Let p(v) be the first derivative of v**6/120 - 2*v**5/5 + 26*v**3/3 + v**2 + 1. Let j(o) be the second derivative of p(o). What is the tens digit of j(24)?
5
Suppose -6*o + 2*o - 5*z = -23, o - 4 = -3*z. Suppose -122 = o*l - 12*l + 3*t, -2*t + 58 = 3*l. What is the units digit of l?
2
Suppose 5*z = -3*i + 9, 5*i - 2 = 5*z - 27. Let b be (2 + -2 + 0)/z. Suppose 3*r = 3*a - 147, b = r - 2*r + 2. What is the units digit of a?
1
Let s be 2 + 4 + -3 + 276/(-2). Let u = s + 82. Let a = u - -56. What is the units digit of a?
3
Let r = 176 + -171. Suppose r*c - 2*k = 2634, -k = 5*c + 1483 - 4111. What is the hundreds digit of c?
5
Suppose -973*b + 115080 = -952*b. What is the thousands digit of b?
5
Suppose -828449 = -88*v + 340191. What is the units digit of v?
0
Let a(h) = 20*h**2 - 7*h + 20. Let d be a(9). Suppose -4*c + 503 = v, -14*v + 5*c = -11*v - d. What is the hundreds digit of v?
5
Let z(y) = 6*y**2 + 9*y + 802. What is the hundreds digit of z(39)?
2
Let i(f) = 21*f**2 - 9. Let w be i(8). Suppose -w = -4*u + 177. What is the tens digit of u?
7
Suppose z + 3*x - 3149 = 8*x, 5*z + 5*x - 15715 = 0. Suppose -11*j + 1003 = -z. What is the units digit of j?
7
Suppose 58*n - 46873 = 55*n - z, 3*z = -2*n + 31237. What is the ten thousands digit of n?
1
Let l be (1 - 1)/(-6 + 8). Suppose l = 6*h - 7*h + 170. Suppose 100 + h = 5*o. What is the units digit of o?
4
Let h = -13 - -32. Let z(m) = -14*m - h + 13*m + 10 + 66. What is the tens digit of z(10)?
4
Let y(i) = 138*i**3 + 10*i**2 - 60*i + 11. What is the thousands digit of y(5)?
7
Suppose 18*g - 44 = 7*g. Suppose 53*p - 50*p + 4*y - 2117 = 0, 0 = 5*p + g*y - 3515. What is the units digit of p?
9
Suppose 4*n - 4 = 0, 0 = -q - 4*n + 6*n + 3. Let z be 1/((-2)/12*-2). Suppose 3*g = q*l - 381, l - z*g = -2*g + 75. What is the tens digit of l?
7
Let v(n) = -856*n - 64. What is the hundreds digit of v(-26)?
1
Let b = 2666 - 1520. Suppose -b = -5*g + m + 474, -2*g + 2*m = -656. What is the units digit of g?
3
Let n be (3270/(-9))/((-32)/336). Suppose -695 = 6*s - n. What is the units digit of s?
0
Suppose 0 = 306*p - 309*p + 12. Suppose -3*i + 1186 = -4*m, 2*i - p*m - 786 = m. What is the tens digit of i?
9
Let k(j) = 3228*j + 3440. What is the hundreds digit of k(9)?
4
What is the hundreds digit of (676/80 - (-4)/(-20))/((-42)/(-47992))?
4
Let x = 54495 - 38467. What is the ten thousands digit of x?
1
Let s = 7965 + 2018. What is the units digit of s?
3
Suppose -8*x - 13098 = -10*x. Suppose -11*w = -9115 - x. What is the hundreds digit of w?
4
Suppose 3510 = 18*s - 8*s. Suppose -u + s = 5*x - 3*x, -2*u = -x - 722. What is the tens digit of u?
5
Let r be ((-6)/12)/(1 - (-22)/(-20)). Suppose -r*t = 2*b + 296 + 419, 5*t - 4*b = -715. What is the tens digit of (-2)/(-11) - 18421/t?
2
Suppose 145*o - 2*b = 142*o + 8103, -2701 = -o + 2*b. What is the thousands digit of o?
2
What is the thousands digit of -6*5/(-50) - 0 - (-59467)/5?
1
Suppose 11*i - 16*i - 4*a = -49490, -5*a + 25 = 0. What is the units digit of i?
4
Suppose -2*t = -4*b - 76, b = -4*t + 5*t - 21. Let i(l) = -l**2 - 36*l + 7. What is the hundreds digit of i(b)?
3
Let d be (-6)/5*(-180)/54. What is the tens digit of (48/(-9))/(-3*d/108)?
4
Suppose -17*u = -201192 - 72542. What is the thousands digit of u?
6
Let w = -52 + 54. Suppose 3*p - 4*h - 249 - 454 = 0, w*p - 480 = -3*h. What is the units digit of p?
7
Let o(i) = -i**3 + 10*i**2 - 8*i - 1. Let n be o(4). Suppose -n*g = -59*g - 648. What is the units digit of g?
2
Let f = 21 - 24. Let w be f/(-3) + -3 - 7. Let n = w - -13. What is the units digit of n?
4
Let g(a) = 54*a + 39. Let m be g(3). Let u = m - 122. What is the units digit of u?
9
Suppose 3*u - 77*u = -1600398. What is the ten thousands digit of u?
2
Suppose -121*p + 116*p + 4*c = -6212, 5*c + 2478 = 2*p. What is the units digit of p?
4
Let z(v) = 288*v**3 - 143*v**2 + 552*v - 6. What is the thousands digit of z(4)?
8
Suppose 198*s + 17540 = 188*s. Let x = -432 - s. What is the tens digit of x?
2
Let l = 145 + 93. Let t = 505 - l. What is the hundreds digit of t?
2
Suppose 0 = -84*y + 192*y - 93*y - 540645. What is the units digit of y?
3
Let r be 3/7 - (-18270)/245. What is the units digit of 16/(r/352 + (-6)/33)?
2
Suppose -66*t + 15*i + 49540 = -64*t, 2*t + 3*i - 49612 = 0. What is the units digit of t?
0
Let o be (35 - 41) + (1 - 199). Let u(v) = 11*v**2 + 8*v + 4. Let t be u(-6). Let b = t + o. What is the tens digit of b?
4
Let v = 1519 + 925. Suppose -15*c + 4321 = -v. What is the hundreds digit of c?
4
Let m(v) = 11*v**2 - 10. Suppose 16*t + 45 = t. What is the tens digit of m(t)?
8
Let i be ((-436)/4)/(-2 - 54/(-30)). Let q = i - 72. What is the units digit of q?
3
Suppose -f = 118 + 385. Let b = -182 - f. What is the units digit of b?
1
Let d(p) = -3*p**3 + 10*p**2 + 43*p + 13. What is the thousands digit of d(-13)?
7
Suppose 0 = 5*u, 3*q + 5*u = 298 + 749. Let s = q - 201. What is the hundreds digit of s?
1
Let y(g) = g**3 - 19*g**2 + 3*g - 32. Let n be y(19). Suppose -5*m + 9 = 2*b, 8*m - 5*m - n = -4*b. What is the units digit of b?
7
Suppose -s + 4*c = -31, 5*s - 47 = 4*c + 140. Let g be 2*s/(-6)*(-3 + 9). What is the units digit of (-1*2)/(4/g)?
9
Suppose d - 2*z - 7726 = -1221, -5*d + 32535 = -5*z. What is the hundreds digit of d?
5
Let u be (1 + (-9)/6)/(23/414). What is the tens digit of u/36 + 3322/8?
1
Let j be (-1*5 - (-48)/24)*6. What is the units digit of (1 + (0 - 82))/(3/j)?
6
Let l be (-71)/4 + (-11)/44. Let j = l - -13. What is the tens digit of (-3)/(-2)*(j - -43)?
5
Let b(i) be the first derivative of -4*i**2 + 158*i - 9. What is the tens digit of b(0)?
5
Let g = -63 - -49. Let q be 18/((-44)/g - 3). Suppose 3*f - q = f. What is the tens digit of f?
6
What is the hundreds digit of (-7709738)/(-119) - (-1 - (-20)/(-56)*-2)?
7
Suppose -22*n + 1698528 = -27*n + 31*n. What is the ten thousands digit of n?
6
Suppose -18 = 2*w - 4. Let a be w/(21/14094) + 6/3. What is the tens digit of (-4)/34 + a/(-34)?
3
Suppose -25727 = 9*s - 13*s + 3*r, 4*r - 6408 = -s. What is the units digit of s?
8
Let j be (-8)/(-14)*4935/282. Let w(u) = 12*u + 8. Let n(p) = -13*p - 8. Let d(r) = 4*n(r) + 5*w(r). What is the tens digit of d(j)?
8
Let f(v) = v**2 + 21*v - 57. Let p be f(-14). Let y = 420 + p. What is the tens digit of y?
6
Suppose 3352 - 24721 = -s - 2*l, 0 = 5*s + l - 106782. What is the ten thousands digit of s?
2
Let j(v) = v**3 + 6*v**2 + 5*v + 3. Let m be j(-5). Suppose -5*f = -m*f + 2*f. What is the hundreds digit of (-735)/(-7) - (1 - f)?
1
Let a(t) = -846*t - 14. Suppose 7*b = 4*b + l - 10, -2*b - 4*l = 2. Let u be a(b). Suppose -324 = -16*x + u. What is the tens digit of x?
7
What is the units digit of 5 - ((-126679)/21 + ((-5)/3 - 0))?
9
Let p = 79 + -77. What is the units digit of (p - -1) + -215*(-48)/40?
1
Suppose -12*t + 26*t = 33894. Suppose -4*o + t = -463. What is the units digit of o?
1
What is the tens digit of (-654 - -652)/((-1)/39654)?
0
Suppose -20*z + 88609 = -26644 + 25853. What is the hundreds digit of z?
4
Let y = 29 - 26. Let z(s) = -15 + s**y - s**3 - 10*s**2 - 31*s - s**3 + 2*s**3. What is the tens digit of z(13)?
8
Let r(f) = -2*f**3 + 11*f + 6. Let z be r(-5). Let p = -108 + z. What is the units digit of p?
3
Let k(r) be the third derivative of 30*r**4 - 35*r**3/6 - 55*r**2. What is the tens digit of k(1)?
8
What is the tens digit of (-361688)/(-60) + (-80)/600?
2
Let x = -9118 + 19623. What is the tens digit of x?
0
Let o(g) = -g**3 - 10*g**2 - 15*g - 29. Let p be 1 + (-969)/12 + (-21)/(